he thousands digit of 290775489?
5
What is the ten thousands digit of 157879781?
7
What is the units digit of 505657990?
0
What is the hundred thousands digit of 176276434?
2
What is the ten millions digit of 125384448?
2
What is the hundred thousands digit of 1181211257?
2
What is the hundreds digit of 376088760?
7
What is the millions digit of 287801329?
7
What is the ten millions digit of 38631080?
3
What is the millions digit of 398631057?
8
What is the ten thousands digit of 399928936?
2
What is the hundred millions digit of 937423691?
9
What is the units digit of 217856209?
9
What is the tens digit of 2077257738?
3
What is the units digit of 3921370172?
2
What is the tens digit of 123580732?
3
What is the hundred thousands digit of 210513429?
5
What is the hundred thousands digit of 93513109?
5
What is the hundred millions digit of 5492150492?
4
What is the thousands digit of 57882022?
2
What is the units digit of 569710316?
6
What is the tens digit of 90559736?
3
What is the thousands digit of 58301027?
1
What is the thousands digit of 18598989?
8
What is the hundred millions digit of 215869890?
2
What is the units digit of 209798074?
4
What is the thousands digit of 153131431?
1
What is the billions digit of 1579920835?
1
What is the units digit of 406083772?
2
What is the hundred thousands digit of 28178748?
1
What is the hundred thousands digit of 170067491?
0
What is the ten thousands digit of 179859565?
5
What is the tens digit of 161573540?
4
What is the thousands digit of 2871466324?
6
What is the millions digit of 1236703167?
6
What is the hundred thousands digit of 17520989?
5
What is the ten thousands digit of 2209247005?
4
What is the hundreds digit of 232225211?
2
What is the hundred thousands digit of 2661849648?
8
What is the millions digit of 17113324?
7
What is the hundred thousands digit of 437649705?
6
What is the millions digit of 185308280?
5
What is the units digit of 330153939?
9
What is the units digit of 81176467?
7
What is the thousands digit of 1967536747?
6
What is the hundred thousands digit of 480563536?
5
What is the hundred thousands digit of 1855335139?
3
What is the hundred millions digit of 1504213588?
5
What is the ten millions digit of 64635764?
6
What is the millions digit of 1195491195?
5
What is the ten thousands digit of 605061240?
6
What is the hundred thousands digit of 3163807300?
8
What is the tens digit of 1258118383?
8
What is the millions digit of 429910089?
9
What is the millions digit of 56963798?
6
What is the ten thousands digit of 145976789?
7
What is the thousands digit of 2408534505?
4
What is the thousands digit of 109611492?
1
What is the millions digit of 49495692?
9
What is the millions digit of 402620262?
2
What is the hundreds digit of 2009018685?
6
What is the ten thousands digit of 74078569?
7
What is the tens digit of 97679833?
3
What is the millions digit of 86330968?
6
What is the units digit of 330549574?
4
What is the hundreds digit of 85477592?
5
What is the units digit of 173802754?
4
What is the ten thousands digit of 92329285?
2
What is the tens digit of 1222640?
4
What is the thousands digit of 44120594?
0
What is the units digit of 770146759?
9
What is the units digit of 36107018?
8
What is the hundreds digit of 105459966?
9
What is the units digit of 148394630?
0
What is the hundred millions digit of 855748612?
8
What is the ten thousands digit of 2362026273?
2
What is the ten thousands digit of 661631326?
3
What is the billions digit of 3829504328?
3
What is the hundreds digit of 269425422?
4
What is the millions digit of 309344466?
9
What is the tens digit of 131204633?
3
What is the units digit of 155129811?
1
What is the hundred thousands digit of 4146105430?
1
What is the millions digit of 349697377?
9
What is the thousands digit of 639201453?
1
What is the hundred thousands digit of 27820045?
8
What is the ten thousands digit of 401399043?
9
What is the hundred thousands digit of 503771275?
7
What is the ten millions digit of 804733964?
0
What is the millions digit of 3170051628?
0
What is the millions digit of 2371489?
2
What is the hundred millions digit of 371739975?
3
What is the ten thousands digit of 39185369?
8
What is the hundred thousands digit of 90949773?
9
What is the ten thousands digit of 2447434445?
3
What is the hundred thousands digit of 143100342?
1
What is the hundreds digit of 242588602?
6
What is the ten thousands digit of 98905995?
0
What is the ten millions digit of 25032429?
2
What is the ten thousands digit of 279632234?
3
What is the hundred millions digit of 554010105?
5
What is the hundreds digit of 93256286?
2
What is the thousands digit of 4604684?
4
What is the ten thousands digit of 3911092407?
9
What is the ten millions digit of 272123998?
7
What is the tens digit of 118160179?
7
What is the ten thousands digit of 13060251?
6
What is the hundred millions digit of 643983378?
6
What is the hundred thousands digit of 38729073?
7
What is the hundred thousands digit of 485167043?
1
What is the hundreds digit of 360038090?
0
What is the ten thousands digit of 187615912?
1
What is the hundred thousands digit of 479083490?
0
What is the thousands digit of 1004475444?
5
What is the ten thousands digit of 774353210?
5
What is the hundreds digit of 576664601?
6
What is the ten thousands digit of 607052943?
5
What is the ten millions digit of 39269286?
3
What is the hundreds digit of 693283359?
3
What is the ten thousands digit of 358662108?
6
What is the hundred millions digit of 369892877?
3
What is the ten thousands digit of 421283691?
8
What is the ten thousands digit of 44698748?
9
What is the millions digit of 499979636?
9
What is the millions digit of 135594745?
5
What is the ten millions digit of 56205637?
5
What is the ten millions digit of 101362281?
0
What is the thousands digit of 195513015?
3
What is the hundred millions digit of 335589633?
3
What is the units digit of 3715632239?
9
What is the hundred millions digit of 538440691?
5
What is the hundred thousands digit of 4360868165?
8
What is the ten millions digit of 334108783?
3
What is the thousands digit of 3603023484?
3
What is the millions digit of 3657373736?
7
What is the hundred thousands digit of 576528277?
5
What is the units digit of 486304084?
4
What is the units digit of 1595688?
8
What is the ten thousands digit of 904331454?
3
What is the ten millions digit of 2754625060?
5
What is the thousands digit of 360986871?
6
What is the thousands digit of 714119496?
9
What is the thousands digit of 2250066477?
6
What is the tens digit of 24469896?
9
What is the ten thousands digit of 286812178?
1
What is the hundred millions digit of 420340127?
4
What is the hundred thousands digit of 2435473434?
4
What is the ten millions digit of 33240098?
3
What is the tens digit of 1616901280?
8
What is the hundred thousands digit of 377212356?
2
What is the hundreds digit of 107582127?
1
What is the millions digit of 1022940820?
2
What is the tens digit of 84924339?
3
What is the ten millions digit of 191234480?
9
What is the hundred thousands digit of 16509200?
5
What is the hundred thousands digit of 88267137?
2
What is the ten millions digit of 961969859?
6
What is the hundred thousands digit of 110678660?
6
What is the ten thousands digit of 4481655258?
5
What is the millions digit of 38474130?
8
What is the thousands digit of 4759347?
9
What is the units digit of 111209770?
0
What is the billions digit of 1208101565?
1
What is the thousands digit of 416469043?
9
What is the tens digit of 10523394?
9
What is the units digit of 3241324?
4
What is the hundreds digit of 1896477569?
5
What is the hundreds digit of 95874385?
3
What is the hundreds digit of 1322613755?
7
What is the hundred thousands digit of 240358286?
3
What is the hundreds digit of 36891194?
1
What is the ten millions digit of 46398559?
4
What is the hundred millions digit of 110629220?
1
What is the millions digit of 98372548?
8
What is the hundred millions digit of 138431052?
1
What is the ten thousands digit of 1581200914?
0
What is the hundred millions digit of 1290798647?
2
What is the ten thousands digit of 196874267?
7
What is the hundreds digit of 2069883631?
6
What is the hundred thousands digit o